.
3, 71
What are the prime factors of (242316/3429)/((-10235)/10245 - (-1 - 0))?
2, 53, 683
Suppose 0 = 4*g + 4*c - 1460, 265*c = g + 263*c - 365. What are the prime factors of g?
5, 73
List the prime factors of (6 + 45/(-10))/((108/305776)/9).
2, 29, 659
Let j(l) = 3*l - 142. Let s be j(49). Suppose 0 = s*f, f + 211 = r - 4*f. What are the prime factors of r?
211
Let r be -1 - -3 - ((2 - 5) + 5). Suppose r = -4*u - 4*l - 260, -3*u + 4*l - 3*l = 215. What are the prime factors of 1 + u/(-2) - (5 + -2)?
3, 11
Let r be 0 + -1 + (-1 - 1) + 2. What are the prime factors of 800/(-64)*(-1 - (18 - r))?
2, 5
Let a = -4157 + 9899. List the prime factors of a.
2, 3, 11, 29
Let o(k) = -k**3 - 4*k**2 + 33*k - 3. Suppose 39 = -28*t - 241. What are the prime factors of o(t)?
3, 89
Let p(v) = -2*v**3 - v**2 - 2*v - 1. Let i be p(-1). Let u(j) = -9 + 0*j**2 + 47*j - i*j**2 + 4*j**2 - 33*j. What are the prime factors of u(-9)?
3
Let w(s) = -291*s - 259. What are the prime factors of w(-36)?
17, 601
Let q(k) = -3*k**2 + 17*k + 14. Let g be q(6). Suppose 9*i - g = 8*i. Suppose 23*p - 1080 = i*p. What are the prime factors of p?
2, 3
Suppose -5*y + 3*g + 3928 = -56048, 0 = 2*y + 3*g - 23982. What are the prime factors of y?
2, 3, 1999
Let q = -4025 - -7975. List the prime factors of q.
2, 5, 79
Suppose 0 = 3*k + 4*q - 176821, 7260*k + 117862 = 7262*k - 2*q. List the prime factors of k.
3, 5, 3929
Let f be 1*(-4)/(-18) + (-82489)/99. Let x = f - -1189. Suppose -2*t - 86 = a - x, -5*a + 1368 = 4*t. What are the prime factors of a?
2, 3, 23
Let m = 665 - 526. Let u(a) = -17*a - 5. Let z be u(-5). Let j = m - z. What are the prime factors of j?
59
Suppose 13*g = 67 - 15. Suppose 128 = -g*s + 1412. What are the prime factors of s?
3, 107
What are the prime factors of 1078896/(-126)*(-6)/4?
2, 13, 19
Suppose -1425*s = -1384*s - 572401. What are the prime factors of s?
23, 607
Let k be ((-27)/(-12) + -2)*28. Let j be (36/(-10) - 0)/(k/(-35)). What are the prime factors of 18/j*(45 + 1)?
2, 23
Let w be -8 + 32 - (-2 + 6). Suppose i = -4*o - w, 5*i - 6 = 3*o + 9. What are the prime factors of (i + 6/(-9))*-18?
2, 3
Let f be (-5)/((-100)/(-5))*-16. Suppose -f*d = 2*d - 1404. Suppose 2*k - 11*k = -d. What are the prime factors of k?
2, 13
Let n = 396 + -356. Let a = 13 + -8. Suppose n = o + a. List the prime factors of o.
5, 7
Let q = -867 - -1845. Suppose -l - r + q = -4*r, l + 5*r = 938. What are the prime factors of l?
3, 107
Suppose 0 = 2*l - 2*c + 2092, -c + 1175 = 3*l + 4333. Let h = l - -1729. What are the prime factors of h?
2, 3, 113
Suppose -7 = 5*m + 18, 0 = -5*n + m + 27365. What are the prime factors of n?
2, 3, 19
Let k(g) = -g + 15. Suppose -6*f + 15 = l - 2*f, 5*f + 43 = 2*l. Let b be k(l). Let i(y) = 6*y**2 + 3*y. What are the prime factors of i(b)?
2, 3, 7
Let l(w) = -4*w**2 + 691*w + 21. What are the prime factors of l(77)?
2, 7, 17, 31
Suppose 10 - 72 = -2*j - 5*m, 4*m = -4*j + 112. Let k(v) = -5*v + 89. Let h(x) = -2*x + 44. Let o(u) = 13*h(u) - 6*k(u). What are the prime factors of o(j)?
2, 71
Let v = 2509 + -709. List the prime factors of v.
2, 3, 5
Let c = 73 - 55. Suppose 9*h = c*h - 35451. Suppose 27*l - h = 14*l. What are the prime factors of l?
3, 101
Let q(m) be the third derivative of 73*m**4/4 + m**3/3 + 6*m**2 - 2. What are the prime factors of q(1)?
2, 5, 11
Let g(t) = -350*t + 322. What are the prime factors of g(-19)?
2, 3, 7, 83
Suppose 17*p - 16*p = 26. Suppose -p = -2*t + 20. Let h = -10 + t. What are the prime factors of h?
13
Let x be 2 + 2 + -2 + -1. Let i be -1 + 1/x*1. Suppose n = -5*h + 43, i = -n - 0*n - 2*h + 52. What are the prime factors of n?
2, 29
Let t = 1 + -7. Let l(r) = -805 + 813 + 6*r**2 - 2*r + 16*r. List the prime factors of l(t).
2, 5, 7
Let h = 339 + -138. Suppose -7*j - 86 = h. Let g = j + 201. List the prime factors of g.
2, 5
What are the prime factors of 495/270 + (-480725)/(-30)?
2, 3, 2671
Suppose -3*h = -5*y + 4, 4*h - 8 = h - y. Suppose -h*r - 90 = -4*r. Let a = r - 38. List the prime factors of a.
7
Suppose -11*t - 58*t + 7*t + 1750384 = 0. What are the prime factors of t?
2, 3529
Let a = 37580 + -14140. What are the prime factors of a?
2, 5, 293
Let v be (-18788)/98 + (-48)/21 + 2. Let g = v + 195. What are the prime factors of g?
3
Let o = -88 - -98. Suppose 4*z = 4*h + 820, h - 3*h = o. List the prime factors of z.
2, 5
Suppose 118*h + 14680 = 122*h. What are the prime factors of h?
2, 5, 367
Suppose 0 = 13*k - 26388 - 59646. List the prime factors of k.
2, 3, 1103
Let y = 2111 - 1013. Suppose c = -2*d + 3*c + y, 5*d + 4*c = 2772. Suppose 0 = 4*k - 2*u - d, -3*k + 3*u = -8*k + 712. What are the prime factors of k?
2, 5, 7
Suppose -6*l = 250 - 214. List the prime factors of 313 - 5/((-5)/l).
307
Suppose -w - 3*a + 5 = -2*w, -53 = 4*w - a. Let s be (2/w + 36/7)*129. Suppose 5*l - 5*n + 2*n - s = 0, -2*n = -5*l + 640. List the prime factors of l.
2, 3, 7
List the prime factors of (-3)/(-4) + (3 - (-176308)/16).
73, 151
Let r = 8601 + -7987. List the prime factors of r.
2, 307
Suppose 2*w = -3*a - 2, -11 = 3*a - 5. Suppose 4*s = 4*x + 3600, -7*x + 8*x = w*s - 1795. List the prime factors of s.
5, 179
Let d(r) be the first derivative of -5*r - 5 + 33/2*r**2. List the prime factors of d(4).
127
Let b(a) = 43*a + 65. Let u = 696 - 668. What are the prime factors of b(u)?
3, 47
Suppose -783*r + 734*r = -714371. What are the prime factors of r?
61, 239
Suppose 6852 = 3*d - 2*s - 46902, 71672 = 4*d - 5*s. What are the prime factors of d?
2, 17, 31
List the prime factors of (-1)/((-158)/4192530*((-20)/(-14) - 1)).
5, 7, 29, 61
Suppose -5*z = 5*b, 0 = -z + 6*z. Suppose 0 = 4*u - b*m - m - 1626, 2 = -m. List the prime factors of u.
2, 7, 29
Let n = 22 - 20. Let u be (n + -6 + 84)*(-2)/5. Let j = 103 - u. What are the prime factors of j?
3, 5
Let o(z) = 218*z + 766. What are the prime factors of o(48)?
2, 5, 1123
Let l = -615 + 1061. Suppose 436 = 14*h - l. What are the prime factors of h?
3, 7
Let u = -339 - -342. Suppose -5*o + 0*z + 5125 = 5*z, -2*o - u*z + 2054 = 0. List the prime factors of o.
1021
What are the prime factors of (-1017336)/970*-3*40/6?
2, 3, 19, 23
Let s(x) = 4*x + 4. Let c be s(0). Suppose c*r = -0*r. Suppose r = w - 3*d - 112 - 5, 3*w - 4*d = 356. List the prime factors of w.
2, 3, 5
Let n be 172/36 - 5 - (-794)/9. List the prime factors of n - 89 - 1*(2 - 757).
2, 13, 29
Let s(d) = -5*d - 4. Let b be s(-8). Suppose 6*y - b = -3*y. Suppose -5*v - y*z = -506, 2*v - 3*z = 3*v - 110. What are the prime factors of v?
2, 7
Suppose 3*b - 34121 = 750*v - 751*v, 68242 = 2*v - 3*b. What are the prime factors of v?
149, 229
List the prime factors of (-1926392)/(-54) - (-36)/3402*7.
2, 17837
Let z be (-12 + 14)/(4/52). List the prime factors of (-136)/(-884) + 19158/z.
11, 67
Let w(k) = -16*k - 8. Let p(m) = -3*m + 17. Let o be p(8). Let x be w(o). Suppose 2*l - 6*l = -x. What are the prime factors of l?
2, 13
Suppose 14*c - 1623 - 852 - 647 = 0. What are the prime factors of c?
223
Let b(g) = 6527*g - 6248. What are the prime factors of b(7)?
3, 13147
Let a(y) = -6*y**2 + y - 1. Let m be a(3). Let t(x) = 3*x + 62. Let c be t(-22). Let d = c - m. List the prime factors of d.
2, 3
Let a = -80 - -50. Let n be 5/a + (-10959)/18. Let g = n + 874. What are the prime factors of g?
5, 53
Let s = -5598 - -7773. List the prime factors of s.
3, 5, 29
Suppose 8*p + 12 = 44. Suppose -9 + 119 = p*y - 3*d, -5*d = 3*y - 68. Let s = y - -43. List the prime factors of s.
3, 23
Suppose -786 = 2*c - 4*q, 0 = 5*c - c - 5*q + 1572. Let u = c - -732. What are the prime factors of u?
3, 113
Suppose 2*q = 4, -410*v + 415*v = -3*q + 426171. List the prime factors of v.
3, 28411
Let s(y) = 317*y**2 + 61*y - 2. Let c be s(-1). Suppose 521 = -5*h + 2256. Suppose -f - c = -3*t, h = -3*t + 7*t - 3*f. List the prime factors of t.
83
Let x(h) = 445*h - 4892. List the prime factors of x(46).
2, 7789
Let a be 94*(-1)/4*60. What are the prime factors of 2/4*10 - (-11 + a)?
2, 23, 31
Let n = -16070 + 28635. Suppose n = 3*w + 4*w. Suppose 5*d - 5*f = -280 + w, 4*f - 283 = -d. List the prime factors of d.
13, 23
Suppose -80604 = -4*c + c. Suppose -c - 6255 = -61*g. What are the prime factors of g?
3, 181
Let x = 15 - 11. Suppose -2*p + 1